ided by z/15 + (-1)/5.
3
Let k = -32 - -29. What is the remainder when (-95)/(-1) + -4*k/(-12) is divided by 26?
16
Suppose -5*a - 136 = -4*p, a + 20 + 13 = p. Suppose 3379 + 1870 = p*f. What is the remainder when f is divided by 21?
13
Calculate the remainder when (-11)/((-33)/(-6))*-142 is divided by 61.
40
Let v be 0*(-4)/(-12) - -2. Let x be (-3 + v)/((-3)/(-261)). Calculate the remainder when -5 + (-92)/(-20) - x/5 is divided by 6.
5
Suppose p = -2*s + 4*p + 5, -15 = -4*s + p. Suppose 6*b - f = s*b + 186, -2*b - 4*f + 186 = 0. Calculate the remainder when b is divided by 16.
13
Let b(v) = -2*v - 13. Let z be b(-9). Suppose 0 = -r + y + 161, -178 - 1 = -r - z*y. Suppose -r = -28*k + 24*k. What is the remainder when 121 is divided by k?
39
Let z(p) = 26*p + 12. Let n(s) = -105*s - 49. Let y(f) = -4*n(f) - 18*z(f). Let i be y(-3). What is the remainder when 6 is divided by (-3)/7 + i/28?
2
Let c = 876 + -775. What is the remainder when 2523 is divided by c?
99
Let p(l) = -2*l**3 - 21*l**2 + 52*l - 26. What is the remainder when p(-13) is divided by 65?
13
Let z = 16815 + -16522. Calculate the remainder when z is divided by 89.
26
Calculate the remainder when 1346 is divided by (-4)/(-7)*93562/652.
34
Suppose -143*j + 4323 = 4*j - 16*j. Calculate the remainder when 0 - (142*-1 + -1) is divided by j.
11
Let y be (-1*(-2)/(-8))/((-9)/36). Suppose 3*g - 21 = -0*g. What is the remainder when (162/g)/(y/7) is divided by 33?
30
Suppose 6*b + 24*b - 3913 = -13*b. Let i(u) = -u + 3. What is the remainder when b is divided by i(-9)?
7
Suppose 132 + 161 = x - 4*i, 0 = -3*i. Let v = 307 - x. Calculate the remainder when 37 is divided by v.
9
Let q(g) = 71*g**2 - g. Suppose 5*o - 125*c + 116*c = 82, -2*o + 5*c = -30. Calculate the remainder when q(1) is divided by o.
10
Let u(c) = -9*c**2 + 998*c - 358. Calculate the remainder when u(109) is divided by 38.
13
Suppose 3*x - 4*x = -11. Let s = 1082 + -908. What is the remainder when s is divided by x?
9
Calculate the remainder when 4637 is divided by 25*(-10 - 384/(-40)) + 90.
77
What is the remainder when 891 is divided by (-21976)/(-469) - 4/(-28)?
45
Suppose 2*u - 49 = 3*s, 69*s - 68*s = -u + 22. Suppose -d = d - 74. Calculate the remainder when d is divided by u.
14
Let q be -2 - (-64 - -1) - (-60)/10. Suppose -p = 4*h - q, -h - p = -4*p - 20. Calculate the remainder when 203 is divided by h.
16
Let q = -411 + 464. Let m = q + -21. Calculate the remainder when 115 is divided by m.
19
Let x = 20541 - 20478. Let i = -93 + 217. What is the remainder when i is divided by x?
61
Let s = -289 + 317. Suppose -s*l + 328 = -512. What is the remainder when 51 is divided by l?
21
Let i(b) = b**3 - 19*b**2 + 39*b + 24. Let c(x) = -x**2 + 14*x + 223. What is the remainder when i(17) is divided by c(-9)?
13
Let s(k) = 32*k + 245. Let o = -6 - -32. What is the remainder when s(-5) is divided by o?
7
Suppose 17 = 3*k + a, 0*k + 4*a = 5*k - 34. Let h(v) = v + 4. Let p be h(k). Suppose 0 = p*t - 276 - 94. What is the remainder when t is divided by 13?
11
Let l = 13234 - 12989. What is the remainder when 3670 is divided by l?
240
Suppose 2*m = -4*m + 96. Suppose -f - 110 = f. Let s = f + 61. What is the remainder when m is divided by s?
4
Let m(g) = -g**2 - 12*g. Suppose 2*o + 326 = 6*h, -140*o + 273 = 5*h - 142*o. Calculate the remainder when h is divided by m(-5).
18
Suppose -85*u + 106*u = 594 + 36. Calculate the remainder when 118 is divided by u.
28
Let m be 352/40 + 2/10. Suppose 0 = -m*d - 0 + 36. Suppose 3*j - 22 = -0*h + d*h, -4*j = -5*h - 30. What is the remainder when 29 is divided by j?
9
Let w(l) = l**3 + 3*l**2 - 11*l - 2. Let m be w(-5). Suppose -4*j - 5 = -m*j, h - 32 = j. Calculate the remainder when h is divided by 15.
12
Let i(s) = -23 - 35*s**2 - 11 - 3*s - 5*s + 36*s**2. Calculate the remainder when i(-5) is divided by 4.
3
Let o = -88 + 92. Suppose -2*q = o*q - 516. Calculate the remainder when q is divided by 30.
26
Let c = -575 + 129. Calculate the remainder when 169 is divided by (-10)/25*-1 + c/(-10).
34
Let f(b) = 27*b**3 + 12 - 3 - 7 - 10*b**3 - 3*b + 0. Calculate the remainder when 107 is divided by f(1).
11
Suppose 3*v + 3*q = 9, 6*v - 12 = 4*v - 4*q. Suppose 141*f - 147*f + 234 = v. What is the remainder when f is divided by 10?
9
Let m = -27 - -43. Suppose 13556 = 74*i + 2012. What is the remainder when i is divided by m?
12
Let s be 2*(3 - (-6)/(-12)). Suppose 0 = -s*y + 7*x - 2*x + 180, 129 = 4*y - x. What is the remainder when 84 is divided by y?
22
Let r = 21 + 62. Let u be r*1 + (21 - 20). Suppose -5*m + m - 4*l + u = 0, 0 = -3*l - 3. Calculate the remainder when 40 is divided by m.
18
Calculate the remainder when 61 is divided by -10*((-4)/(-8))/((-8)/40).
11
Let r = -168 - -184. Suppose -g + 2*s + 7 = 0, -s - 1 - 1 = 0. Suppose -g*z = -3*i - i - 43, 5*z - 29 = -4*i. What is the remainder when r is divided by z?
7
Suppose 0*k + 3*f - 45 = -3*k, 5*k - 54 = 2*f. Suppose 0 = s + 5*n - 13, k = s - 3*n - 25. Calculate the remainder when 53 is divided by s.
25
Suppose 8330 + 352 = 582*r - 9360. Let l(g) = 47*g**2 - 3*g + 3. Calculate the remainder when l(2) is divided by r.
30
Suppose -3*u - 1230 = -3*w, 2*u - 86 = -w + 339. Let i = w + -361. What is the remainder when 377 is divided by i?
53
Let i be (5*-2 - -1)*2/(-6). Suppose -2*z = s - 231, 0 = i*z + 2*s - 4*s - 357. What is the remainder when z is divided by 11?
7
Let n = -4278 + 4461. Calculate the remainder when 346 is divided by n.
163
What is the remainder when 590 is divided by ((-26)/2 + (-36)/(-9))/(-1)?
5
Let f = -164 - -580. Let h = f - -43. What is the remainder when h is divided by 33?
30
Let k(h) = -238*h - 2377. Calculate the remainder when k(-12) is divided by 151.
26
Let s = 11 - 10. Let m(c) = -c**3 + 14*c**2 + 14*c + 14. Let p be m(15). Calculate the remainder when 31 is divided by (2 + s/p)/((-3)/(-24)).
7
Let v(r) = 59*r**2 + 158*r - 28. What is the remainder when v(-3) is divided by (-41 - -1)*(-2)/5?
13
Suppose 4*x + x - 10 = 0, -23 = -5*y + x. Suppose 871 = 3*l - y*i, -3*l - 5*i + 515 = -396. Calculate the remainder when l is divided by 30.
27
What is the remainder when 13 - (-10449)/36 - (-1 - -3)/8 is divided by 158?
145
Let d(t) = -3*t**2 - 71*t - 53. Let r be d(-23). Calculate the remainder when 52 is divided by 6 + 1 + (-7 - r).
3
Let z be -2*2*5/20. Let t be (-11 - -15) + z/1. Suppose 3*q + t*w - 972 = -312, 0 = -q + 4*w + 220. Calculate the remainder when q is divided by 17.
16
Suppose 0 = -68*q + 71*q - 207. Suppose -10*n - 81 = -9*n. Let p = n - -105. Calculate the remainder when q is divided by p.
21
Suppose -x + 4*x - 3 = 0. Let p(f) = 14*f**2 - 1. Let k = -5004 + 5011. Calculate the remainder when p(x) is divided by k.
6
Suppose 2*k - 41 - 75 = 0. Let f(v) = -v**3 + 11*v**2 + 7. Let x be f(10). Suppose 0 = -x*w + 117*w - 160. What is the remainder when k is divided by w?
10
Let p be 30 + 51 - (-4 + (0 - -2)). Suppose u + 5*z = 18, p = 4*u - 4*z - 61. What is the remainder when 119 is divided by u?
20
Let r = -35 + 134. Suppose -5*w = o + r, -w + 2*o = 4*o + 27. Let v = w + 28. Calculate the remainder when v is divided by 4.
1
Suppose 7*z = -56*z + 2583. Calculate the remainder when 2664 is divided by z.
40
Suppose 364*k - 361*k + 488 = 4*q, 5*q = 2*k + 596. Suppose 3*u - 26 = 64. What is the remainder when q is divided by u?
26
Let u(k) = 17*k - 43. Suppose -8*g = -11*g + 2*r + 4, -5*g - 5*r + 40 = 0. Calculate the remainder when 128 is divided by u(g).
3
Calculate the remainder when 7315 is divided by (48/(-20))/((-90)/4650).
123
Suppose 5*x + 140 - 235 = 0. What is the remainder when 388 is divided by x?
8
Let h = -280 + 646. Suppose -580*m - 13694 + 40374 = 0. What is the remainder when h is divided by m?
44
Suppose 5*a + 91*p - 92*p - 135 = 0, 4*a - 5*p - 87 = 0. Calculate the remainder when (0 - 1 - 99)/(-1) is divided by a.
16
Suppose -2*q + 0*v + 55 = -3*v, -4*q = -5*v - 111. Let h(a) = 7*a**2 + 12*a + 5. Calculate the remainder when h(-12) is divided by q.
28
Let r = 505 + -499. Suppose -b = -2*x + 4 + 93, 0 = -5*x - 3*b + 248. Let k = x - 26. What is the remainder when k is divided by r?
5
Let k = 36892 + -28710. Calculate the remainder when k is divided by 124.
122
Let k(j) = -4*j**3 + 5